mainder when t(6) is divided by 21.
20
Suppose 0 = d - 4*o + 11, 3*d + 3*o = 2*o + 19. Suppose -b + 22 = 3*i, d*i + 66 = 3*b + i. What is the remainder when b is divided by 4/(-18) + (-220)/(-18)?
10
Suppose u - 23 = -1. Suppose 2*j + 2*x - 134 = 0, 2*j - 6*j + 5*x + 232 = 0. What is the remainder when j is divided by u?
19
Let k(b) = b**3 - 3*b**2 - 3*b + 3. Let t be k(4). Suppose t = 2*q - 1. What is the remainder when 11 is divided by q?
3
Suppose -1158 + 2998 = 40*w. Let f = -1 - -13. Calculate the remainder when w is divided by f.
10
Suppose -5*z = -4*z - 7. Let l = z + -4. Let d(i) = i**2 - 4*i - 1. What is the remainder when d(5) is divided by l?
1
What is the remainder when ((-3)/(-4))/(2/144) is divided by 14?
12
Suppose -45 = -5*k + m, -2*k + 3*k + 5*m = 9. What is the remainder when 70 is divided by k?
7
Let r(c) be the second derivative of c**5/20 + 41*c**2 - 4*c. What is the remainder when r(0) is divided by 28?
26
Calculate the remainder when 129 is divided by 3/(-6) - 212/(-8).
25
Let c(u) = u**3 - 8*u**2 + 7*u + 2. Let d be c(7). Suppose -4*b + d*b = -20. Calculate the remainder when 18 is divided by b.
8
Suppose -5*z + 2*z = -h - 53, 3*z - 4*h = 68. Calculate the remainder when 30 is divided by z.
14
Let u(t) = t**3 + t**2 + t + 26. Let a(w) be the second derivative of -w**3/6 + 4*w**2 + w. Let v be a(8). Calculate the remainder when u(v) is divided by 14.
12
What is the remainder when 74 is divided by (-4)/2*((-1122)/12)/17?
8
Let d be (-21)/(-6)*(-6)/(-3). Suppose -2*h = -7 - d. What is the remainder when 12 is divided by h?
5
Suppose 2*r + 5*q - 88 = 10, 4*q = 0. Calculate the remainder when 14/r - 341/(-7) is divided by 10.
9
Suppose 5*r + 4*j = 240, 3*j - j = -4*r + 192. Calculate the remainder when r + (1 - (-4)/(-2)) is divided by 12.
11
Let v(n) be the third derivative of n**5/20 - n**4/24 - 5*n**3/6 - 4*n**2. Calculate the remainder when v(-4) is divided by 12.
11
Suppose 0 = -5*z - 3*g + 304, -5*z + 320 = -4*g - g. Let t(s) = s + 8. Calculate the remainder when z is divided by t(8).
14
Suppose 2*r - 63 = -39. Suppose 2*t = 7 + 3. Calculate the remainder when r is divided by t.
2
Let m(r) = 3*r**2 - r - 7. Calculate the remainder when 29 is divided by m(3).
12
Let g(j) = j**2 + 5*j - 9. What is the remainder when g(7) is divided by 19?
18
Suppose -4*f + 404 = -0*f. Let h = -47 + f. Let b = h + -14. Calculate the remainder when b is divided by 14.
12
Let l(z) = -18*z**3 - z**2. Suppose -5*m = 2*m - 70. What is the remainder when l(-1) is divided by m?
7
Let r = 16 + 94. Suppose -3*z = -z - r. Calculate the remainder when z is divided by 14.
13
What is the remainder when (2/1)/(6/114) is divided by 20?
18
Let w = 240 + -154. Suppose w = 4*q + 14. Let r(h) = -h**3 + 8*h**2 + 8*h - 12. What is the remainder when r(8) is divided by q?
16
Suppose 4*v + 4*w = -w - 45, -4*v = 4*w + 44. Let a = v + 18. Suppose 1 + a = q. What is the remainder when 17 is divided by q?
8
Suppose g - 7 = -0. Calculate the remainder when 19 is divided by g.
5
Let h(o) = o**2 - 13. Calculate the remainder when h(6) is divided by 9.
5
Suppose 3*h - 4*x - 71 + 23 = 0, 2*x + 6 = 0. Calculate the remainder when 8/(-14) + 1209/21 is divided by h.
9
Let l(s) = s**3 + 10*s**2 + 2*s - 10. Let j be l(-8). Suppose y - 4*y = -3*k + 102, 0 = 3*k - 2*y - j. What is the remainder when k is divided by 18?
16
Suppose 0 = 2*b - 8, -2*z - 2*b = -z - 50. What is the remainder when z is divided by 22?
20
Suppose 2*d + 5*r = 8, -3*d - 5*r - 14 = -36. Let o = -45 + 98. What is the remainder when o is divided by d?
11
Let g(q) = 3*q**2 - q. Let y be g(1). Suppose -3*p = -5*k + 121, -2*k - y*p + 27 + 31 = 0. Let t = 259 - 250. What is the remainder when k is divided by t?
8
Suppose -7*z + 3*z - 2*r = -70, 2*r = 3*z - 56. Let h = 5 + 0. What is the remainder when z is divided by h?
3
Calculate the remainder when (-10)/4*152/(-10) is divided by 10.
8
Let a = 145 - 62. What is the remainder when a is divided by 14?
13
Suppose 6*g = 5*g + 4. What is the remainder when 9 is divided by g?
1
Let z(r) = 7*r - r - 9*r**2 + 11*r**2. What is the remainder when 15 is divided by z(-4)?
7
Suppose 0 = -3*f + 2*f + 16. Calculate the remainder when (-29)/((-2 + 1)/1) is divided by f.
13
Suppose 5*z = -5*u + 20, 22 + 4 = 3*z - 4*u. Let j = 56 - z. What is the remainder when j is divided by (-2)/(1*(-4)/34)?
16
What is the remainder when -9*(1 + 22/(-3)) is divided by 30?
27
Let o be ((-3)/(-5))/(3/15). Suppose -o*u + 16 = u. Suppose 2*s + 0*s = 5*c + 26, u*c = 4*s - 52. What is the remainder when s is divided by 5?
3
Let j(x) = x**2 + 2*x - 3. Let c(z) = z**3 + 5*z**2 - 2*z - 7. Let r be c(-5). Calculate the remainder when 46 is divided by j(r).
10
Suppose r = 3*j - 4*j - 4, 0 = -4*j - 5*r - 18. Let v be ((-72)/j)/(15/10). Let y = v - 17. Calculate the remainder when 20 is divided by y.
6
Let x = -51 - -89. Suppose 2*a + 4*l = 38, -2*a + 4*l = a - 27. What is the remainder when x is divided by a?
12
Calculate the remainder when 2 is divided by (4/(-6))/((-2)/3).
0
Suppose 0 = -x - 2 + 9. What is the remainder when x is divided by 3?
1
Calculate the remainder when (-3)/2*92/(-6) is divided by 6.
5
Let w(v) = -2*v**3 - v**2 + v + 1. Let k be w(-1). Let i = 4 - k. Suppose -24 - 15 = -i*m. What is the remainder when 36 is divided by m?
10
Suppose -24*h = -912 - 552. Let s be (-1 + 1/1)*-1. Calculate the remainder when h is divided by (-36)/(-2) + -2 + s.
13
Let r(s) = -9*s. What is the remainder when 160 is divided by r(-2)?
16
Let l = 0 + 0. Suppose 5*y = 15 - l. What is the remainder when 8 is divided by y?
2
Let q be 6/2 - (0 + -3). Suppose -300 = 2*x - q*x. Calculate the remainder when x is divided by 26.
23
Let b(i) = 2*i + 29. Calculate the remainder when b(0) is divided by 10.
9
Let y = 29 - 11. Suppose -103 = 4*j - 311. What is the remainder when j is divided by y?
16
Let m be ((-10)/4)/((-1)/2). Suppose 12 - 2 = m*z. Suppose 4*l + 26 = 3*g, 1 = 2*g + g + l. Calculate the remainder when g is divided by z.
0
Let b(g) = -g**3 - 2*g**2 + g - 4. Let x(v) be the first derivative of -v**3/3 + v**2/2 + 2*v - 1. Calculate the remainder when x(0) is divided by b(-3).
0
Suppose u - 2*n + 4 = -0, u - 4*n - 4 = 0. Let q = 20 + u. What is the remainder when 22 is divided by q?
6
Let b be (-3 - 2)*2/2. Let m(a) = a + 7. What is the remainder when 3 is divided by m(b)?
1
Suppose d + 2*d - 21 = 0. Suppose 2*z - d*u = -2*u + 47, -3*u = -15. Suppose -3*t + 0*t + z = 0. Calculate the remainder when 33 is divided by t.
9
Calculate the remainder when 36 is divided by (9 - 3)/3*39/6.
10
Calculate the remainder when 20 is divided by (-1)/4 + (-150)/(-24).
2
Suppose c + 12 = -2*c, 3*c + 16 = 2*g. Suppose g = 2*u - 0. Calculate the remainder when 3 is divided by u.
0
Let w(f) = f + 1. Calculate the remainder when 6 is divided by w(1).
0
Suppose 20*n - 22*n = -40. What is the remainder when 75 is divided by n?
15
Let b(f) = -2*f**2 - 14*f - 9. What is the remainder when 51 is divided by b(-5)?
7
Suppose 3*n - 4*n = 2. Calculate the remainder when 297/22 - (-1)/n is divided by 7.
6
Let c be 1*3/(-6)*-20. Let f be 4/c + 1460/(-25). Let w = 85 + f. Calculate the remainder when w is divided by 14.
13
What is the remainder when 72/(18/6) + -1 is divided by 5?
3
Let f = -7 + 6. Calculate the remainder when 23 is divided by f + 0 + 0 - -7.
5
Let n = -10 - -10. Suppose 2*b + n*b = 50. Calculate the remainder when b is divided by 14.
11
Suppose 4*u - 26 = -18. Let p = u + 76. Calculate the remainder when p is divided by 20.
18
Let p = -5 - -10. Suppose 3*q + 3*d = -3, 4*d = p*q + d - 35. Calculate the remainder when q is divided by 3.
1
Let d(x) = 3*x**2 + 3*x + 3. Suppose -20 = 4*p - 124. Suppose 6 = 4*i - p. Calculate the remainder when d(-3) is divided by i.
5
Suppose -2 = k - 3. Let x(q) = k + 2*q + 10*q + 3*q. Calculate the remainder when x(1) is divided by 9.
7
Calculate the remainder when 9 is divided by (-1)/7 + 87/21.
1
Suppose b = -4*b + 10. Suppose 4*r - 5 - 3 = 0. Suppose -3*n + 10 = r*n. What is the remainder when n is divided by b?
0
Let c(a) = a**3 - 3*a**2 + 2*a + 5. Let x be 6/(-9) + 4/6. Calculate the remainder when c(4) is divided by 4/6*(15 + x).
9
Calculate the remainder when 10/(-15) - (-382)/